+ 4549*u + 115. Give b(29).
-1
Let q(a) = -682*a + 2043. Give q(3).
-3
Let m(x) = -96*x + 291. Determine m(3).
3
Let o(l) = -l**3 - 60*l**2 - 64*l - 282. Give o(-59).
13
Let r(j) = 19*j**2 - 38*j - 8. Calculate r(2).
-8
Let c(g) = g**2 + 28*g + 67. Determine c(-3).
-8
Let b(p) = -p**3 + 11*p**2 - 20*p - 6. What is b(4)?
26
Let r(d) = d**3 - d**2 - 12*d - 29. Determine r(8).
323
Let a(z) = 42*z + 829. What is a(4)?
997
Let z(o) = 2*o**3 - 106*o**2 - 8*o + 108. Calculate z(53).
-316
Let c(i) = 960*i**2 + 20160*i + 2. Calculate c(-21).
2
Let t(m) = 5*m - 240. What is t(39)?
-45
Let z(d) = 4*d**3 + 132*d**2 - 2*d - 68. Calculate z(-33).
-2
Let p(l) = -l**3 + 2*l**2 + 34*l - 25. Determine p(7).
-32
Let f(u) = 10*u + 692. What is f(-69)?
2
Let z(w) = 33*w + 2. Give z(10).
332
Let o(k) = -k**3 + 48*k**2 + 49*k + 4. Calculate o(49).
4
Let x(y) = -4*y**3 + 50*y**2 + 31*y + 8. What is x(13)?
73
Let f(z) = z**2 - 874*z + 4341. Determine f(5).
-4
Let x(k) = 3209*k + 3235. Give x(-1).
26
Let o(m) = 36*m**2 - 19*m - 10. Calculate o(-1).
45
Let d(a) = a**3 + 8*a**2 - 47*a - 158. Calculate d(-11).
-4
Let g(f) = f**3 - 13*f**2 - 115*f + 25. Give g(19).
6
Let i(c) = c**3 + 22*c**2 + 109*c + 55. Give i(-15).
-5
Let k(p) = 3*p**3 - 11*p**2 - 27*p + 19. Give k(7).
320
Let j(o) = -3*o**3 - 54*o**2 + 263*o - 14. Determine j(-22).
8
Let i(t) = t**2 + t - 19. Calculate i(-5).
1
Let d(j) = -j**3 - 25*j**2 + 6*j + 179. Calculate d(-25).
29
Let t(w) = 176*w - 342. Determine t(2).
10
Let b(f) = 51*f**2 - 369*f + 85. Give b(7).
1
Let h(k) = k**3 + 12*k**2 - 94*k - 12. What is h(-17)?
141
Let a(c) = -c**3 - 13*c**2 - 48*c - 64. Determine a(-3).
-10
Let f(h) = 2*h**2 + 127*h + 111. Determine f(-63).
48
Let d(s) = 4*s**2 - 116*s - 588. Determine d(-5).
92
Let v(s) = -6*s**3 + 72*s**2 + 165*s + 56. Calculate v(14).
14
Let c(u) = -6*u**2 + 1014*u - 2001. Give c(167).
3
Let r(x) = 2176*x + 250238. Give r(-115).
-2
Let v(q) = 45*q**3 + 139*q**2 + 14*q + 13. Determine v(-3).
7
Let d(i) = -i**2 + 5*i + 103. Calculate d(-8).
-1
Let d(u) = -u**3 + 26*u**2 - 127*u + 139. What is d(20)?
-1
Let m(d) = -3*d**3 - 123*d**2 + 123*d - 132. Give m(-42).
-6
Let s(y) = -7*y**2 - 90*y - 185. Give s(-11).
-42
Let f(u) = -3*u**2 + 66*u - 79. Give f(21).
-16
Let o(x) = -41*x - 2212. Give o(-50).
-162
Let d(y) = -2254*y + 45075. Determine d(20).
-5
Let v(j) = j**2 + 37*j + 213. Give v(-26).
-73
Let w(q) = q**2 - 88*q + 1332. Determine w(69).
21
Let l(z) = -10*z**2 - 21*z + 29. Give l(6).
-457
Let q(c) = -c**3 - 34*c**2 + 115*c + 138. Calculate q(-37).
-10
Let r(y) = 70*y + 650. Calculate r(-10).
-50
Let c(y) = y**3 + 17*y**2 + 9*y + 131. Give c(-17).
-22
Let i(j) = j**2 - 55*j - 1259. Determine i(-17).
-35
Let b(m) = m**3 + 15*m**2 + 46*m - 22. Determine b(-9).
50
Let b(w) = -w**3 - 13*w**2 - 10*w + 35. Give b(-12).
11
Let a(f) = -f**3 - 13*f**2 - 30*f - 40. What is a(-10)?
-40
Let s(f) = 3*f + 168. Calculate s(-27).
87
Let a(d) = -d**3 - 7*d + 88. Calculate a(5).
-72
Let i(n) = n**3 - 31*n**2 - 67*n + 6. Calculate i(33).
-27
Let j(o) = o**2 + 81*o - 2012. What is j(20)?
8
Let a(s) = 57*s**2 - 30*s - 61. Give a(-2).
227
Let g(t) = -2*t**3 + 50*t**2 - 52*t + 33. Determine g(24).
-63
Let z(f) = -16*f**2 + 90*f + 616. Calculate z(-4).
0
Let g(w) = -w**3 + 16*w**2 - 7*w - 565. Calculate g(11).
-37
Let b(f) = f**3 - 7*f**2 + 18*f - 2. What is b(7)?
124
Let d(a) = a**3 + 85*a**2 + 618*a + 153. What is d(-77)?
-1
Let m(b) = 37*b - 174. Give m(9).
159
Let k(t) = -t**2 + 20*t - 219. Calculate k(8).
-123
Let i(b) = -b**2 + 100*b - 661. Give i(7).
-10
Let z(r) = r**3 - 29*r**2 - 106*r - 10. What is z(32)?
-330
Let d(m) = 582*m - 1925. Calculate d(3).
-179
Let k(w) = 126*w + 677. Calculate k(-5).
47
Let r(b) = 9*b**2 + 564*b - 185. Determine r(-63).
4
Let n(j) = 184*j - 851. Calculate n(4).
-115
Let u(p) = -880*p + 8810. Give u(10).
10
Let l(o) = 20*o + 18. What is l(0)?
18
Let b(d) = 151*d + 17. Give b(1).
168
Let a(x) = -x**2 - 22*x + 115. What is a(-29)?
-88
Let r(l) = l**2 - 140*l + 3821. What is r(103)?
10
Let w(i) = 8*i**2 + 12*i + 20. Give w(-6).
236
Let w(l) = l**3 - l**2 + 72*l + 101. Give w(0).
101
Let d(u) = -134*u - 232. Give d(-2).
36
Let u(y) = y**3 + 43*y**2 - 411*y + 40. Calculate u(-51).
193
Let m(f) = -f**2 - 16*f - 61. Give m(-4).
-13
Let j(b) = 3913*b + 31283. Calculate j(-8).
-21
Let j(b) = 23*b + 128. Calculate j(-34).
-654
Let s(k) = k**2 - 980*k - 51491. Give s(-50).
9
Let i(l) = -28*l**3 - 2*l**2 - 5*l - 3. Calculate i(-1).
28
Let c(p) = -p**3 + 6*p**2 + 11*p - 15. Calculate c(8).
-55
Let d(g) = -g**3 - 7*g - 5. Determine d(4).
-97
Let w(t) = -3*t**3 + 647*t**2 - 1073*t + 647. What is w(214)?
5
Let z(t) = -t**3 - 8*t**2 + 15*t. Give z(0).
0
Let d(n) = -n**3 + 14*n**2 - 5*n - 120. Calculate d(13).
-16
Let g(u) = 50*u + 1263. Calculate g(-26).
-37
Let d(b) = -97*b - 630. Calculate d(-3).
-339
Let a(i) = -7*i - 198. Give a(-25).
-23
Let j(p) = 30*p**2 - 6*p + 9. Give j(2).
117
Let n(x) = 118*x + 7382. Give n(-62).
66
Let v(l) = l**2 - 6*l - 1848. Give v(46).
-8
Let r(p) = 7*p**2 + 6*p - 39. Give r(9).
582
Let a(j) = -51*j**2 + 2*j - 3. Give a(1).
-52
Let y(m) = -24*m**2 + 221*m + 448. Calculate y(-2).
-90
Let r(w) = 4*w**3 - w**2 + w + 36. Give r(0).
36
Let v(o) = -o**2 + 130*o + 2853. Give v(-19).
22
Let k(g) = -g**3 + 2*g**2 - 153*g + 158. Give k(0).
158
Let z(d) = -99*d - 2567. Determine z(-26).
7
Let v(n) = 24*n + 65. Calculate v(5).
185
Let v(x) = x**2 - 2289*x + 9155. Calculate v(4).
15
Let t(y) = -y**2 - 22*y - 15. Give t(0).
-15
Let s(i) = i**3 - 2*i**2 - 250*i - 21. Give s(17).
64
Let h(l) = -30*l - 144. Calculate h(-21).
486
Let k(n) = -5*n**3 + 129*n**2 + 8*n + 43. Calculate k(26).
-425
Let b(q) = 509*q + 1992. What is b(-6)?
-1062
Let b(r) = 3*r**2 + 5*r - 269. Calculate b(-9).
-71
Let l(u) = -u**2 - 342*u - 3952. Determine l(-12).
8
Let t(p) = -p**3 + 2*p**2 + 26*p - 36. What is t(6)?
-24
Let v(s) = 309*s + 3416. What is v(-11)?
17
Let f(t) = -t**2 - 39*t - 136. Give f(-9).
134
Let o(w) = w - 89. Give o(-22).
-111
Let l(i) = -64*i + 664. Determine l(10).
24
Let l(v) = 6*v - 129. Give l(29).
45
Let z(a) = a**2 - a - 148. What is z(-11)?
-16
Let w(q) = -4*q**2 - 17*q - 11. Determine w(0).
-11
Let n(y) = 41*y**2 - 775*y + 46. Calculate n(19).
122
Let p(z) = 15*z**3 + 3*z**2 + 10*z + 19. Give p(-2).
-109
Let a(r) = -2*r**3 + 5*r**2 + 47*r + 11. Determine a(-5).
151
Let p(k) = -k**3 + 14*k**2 + 20*k + 189. Calculate p(16).
-3
Let o(l) = 1320*l - 167644. What is o(127)?
-4
Let w(m) = 18*m + 177. Determine w(7).
303
Let v(d) = -2*d**2 - 52*d - 278. What is v(-7)?
-12
Let y(g) = g**3 - 32*g**2 + 21*g + 300. Calculate y(31).
-10
Let o(m) = 75*m - 28. Determine o(6).
422
Let z(y) = -62*y + 863. Determine z(14).
-5
Let j(p) = -p**3 - 55*p**2 + 58*p + 135. Calculate j(-56).
23
Let d(x) = x**2 + 18*x - 58. Determine d(-20).
-18
Let l(q) = q**2 + 36*q - 362. Determine l(7).
-61
Let b(m) = -7*m**2 - 341*m + 193. Determine b(-50).
-257
Let j(p) = -p**3 + 149*p**2 + 154*p - 584. Determine j(150).
16
Let i(c) = -3*c**2 - 1957*c - 71755. What is i(-39)?
5
Let f(h) = 15*h + 242. What is f(-11)?
77
Let t(g) = -579*g + 6941. Give t(12).
-7
Let l(v) = -v**3 + 18*v**2 + 112*v + 6. Give l(-5).
21
Let y(x) = x**3 + 16*x**2 - 261*x + 36. Give y(10).
26
Let s(i) = -2*i**2 + 189*i + 251. Determine s(96).
-37
Let z(l) = 5*l**2 - 51*l + 31. Determine z(14).
297
Let k(l) = 2*l**2 + 63*l + 77. Give k(-28).
-119
Let s(x) = 68*x**3 - x**2 + 7*x - 4. Calculate s(2).
550
Let j(f) = 10*f - 406. What is j(43)?
24
Let p(c) = c**2 + 33*c + 152. Determine p(-25).
-48
Let k(c) = 18*c**3 - c**2 + 41*c - 178. What is k(4)?
1122
Let a(l) = -l**2 - 188*l + 1138. Calculate a(6).
-26
Let q(r) = 513*r - 32853. Determine q(64).
-21
Let k(c) = 2*c**2 + 61*c - 23. What is k(-25)?
-298
Let x(m) = 342*m + 3079. Determine x(-9).
1
Let r(l) = -1045*l + 34495. Determine r(33).
10
Let l(p) = -29*p**2 - 168*p - 803. Give l(-5).
-688
Let o(a) = 168*a - 12908. Calculate o(77).
28
Let g(p) = 2*p**2 - 54*p + 64. Determine g(26).
12
Let d(u) = u**3 + 173*u**2 - 135*u + 6796. Give d(-174).
10
Let h(f) = 25*f**2 - 51*f - 7. Give h(-5).
873
Let m(y) = y**3 - 83*y**2 + 164*y - 181. Determine m(81).
-19
Let o(r) = -39*r + 1506. What is o(37